{"id":3110,"date":"2022-09-27T08:51:10","date_gmt":"2022-09-27T06:51:10","guid":{"rendered":"https:\/\/www.astam.at\/?post_type=product&#038;p=3110"},"modified":"2022-09-28T10:00:14","modified_gmt":"2022-09-28T08:00:14","slug":"saeulenschwenkkran-ls","status":"publish","type":"product","link":"https:\/\/www.astam.at\/en\/leistungen\/krananlagen\/abus\/krane\/schwenkkrane\/saeulenschwenkkran-ls\/","title":{"rendered":"S\u00e4ulenschwenkkran LS"},"content":{"rendered":"<p><strong>Auf einen Blick<\/strong><\/p>\n<ul>\n<li>Tragf\u00e4higkeit bis 1 t<\/li>\n<li>Ausladung bis 7 m<\/li>\n<li>Schwenkbereich 270\u00b0<\/li>\n<li>Mit <a tabindex=\"-1\" href=\"https:\/\/www.astam.at\/produkt-kategorie\/hebezeuge\/elektrokettenzuege\/\">ABUS Elektro-Kettenzug<\/a><\/li>\n<li>Mit vielf\u00e4ltigen <a tabindex=\"-1\" href=\"https:\/\/www.abus-kran.at\/krane\/schwenkkrane\/befestigung\/bodenmontage\" target=\"_blank\" rel=\"noopener\">Befestigungsm\u00f6glichkeiten<\/a><\/li>\n<li>Umfangreiche <a tabindex=\"-1\" href=\"https:\/\/www.abus-kran.at\/krane\/schwenkkrane\/zusatzausstattung\" target=\"_blank\" rel=\"noopener\">Zusatzausstattungen<\/a> m\u00f6glich<\/li>\n<\/ul>\n<hr \/>\n<p>Der S\u00e4ulenschwenkkran LS ist f\u00fcr die freistehende Montage auf dem Hallenboden konzipiert. Dieser Arbeitsplatzkran bietet Ihnen einen Arbeitsradius von\u00a0<strong>270\u00b0<\/strong>\u00a0mit einer Ausladung bis zu\u00a0<strong>7 m<\/strong>\u00a0und einer Tragf\u00e4higkeit bis zu\u00a0<strong>1 t<\/strong>.\u00a0\u00dcber Schwenkanschl\u00e4ge kann der Schwenkbereich individuell angepasst werden.<\/p>\n<p>Typisch f\u00fcr den S\u00e4ulenschwenkkran LS ist die Unterst\u00fctzung von Hebeaufgaben, meist im niedrigeren Tragf\u00e4higkeitsbereich. Lasten lassen sich schnell und sicher aufnehmen und durch den leichtg\u00e4ngigen Ausleger kraftschonend und pr\u00e4zise umsetzen.<\/p>\n<p>Befestigt wird der Kran \u00fcber eine <a tabindex=\"-1\" href=\"https:\/\/www.abus-kran.at\/krane\/schwenkkrane\/befestigung\/bodenmontage#mit_duebelplatte\" target=\"_blank\" rel=\"noopener\">runde D\u00fcbelplatte<\/a> mit speziellen, f\u00fcr dynamische Lasten zugelassenen Verbundankern. Wahlweise k\u00f6nnen auch <a tabindex=\"-1\" href=\"https:\/\/www.abus-kran.at\/krane\/schwenkkrane\/befestigung\/bodenmontage#mit_ankerschrauben\" target=\"_blank\" rel=\"noopener\">Ankerstangen<\/a> f\u00fcr eine Fundamentbefestigung oder eine <a tabindex=\"-1\" href=\"https:\/\/www.abus-kran.at\/krane\/schwenkkrane\/befestigung\/bodenmontage#mit_zwischenplatte\" target=\"_blank\" rel=\"noopener\">Zwischenplatte mit Bodenankern<\/a> verwendet werden.<\/p>\n<p>&nbsp;<\/p>\n<p>&nbsp;<\/p>\n<p>&nbsp;<\/p>\n","protected":false},"excerpt":{"rendered":"<p>Der S\u00e4ulenschwenkkran LS ist f\u00fcr die freistehende Montage auf dem Hallenboden konzipiert. Dieser Arbeitsplatzkran bietet Ihnen einen Arbeitsradius von\u00a0<strong>270\u00b0<\/strong>\u00a0mit einer Ausladung bis zu\u00a0<strong>7 m<\/strong>\u00a0und einer Tragf\u00e4higkeit bis zu\u00a0<strong>1 t<\/strong>.\u00a0\u00dcber Schwenkanschl\u00e4ge kann der Schwenkbereich individuell angepasst werden.<\/p>\n","protected":false},"featured_media":3112,"template":"","meta":{"_acf_changed":false,"inline_featured_image":false},"product_brand":[],"product_cat":[114],"product_tag":[],"class_list":{"0":"post-3110","1":"product","2":"type-product","3":"status-publish","4":"has-post-thumbnail","6":"product_cat-schwenkkrane","8":"first","9":"instock","10":"shipping-taxable","11":"product-type-simple"},"acf":[],"yoast_head":"<!-- This site is optimized with the Yoast SEO plugin v27.5 - https:\/\/yoast.com\/product\/yoast-seo-wordpress\/ -->\n<title>ABUS Schwenkkrane - S\u00e4ulenschwenkkran LS - ASTAM<\/title>\n<meta name=\"description\" content=\"Der S\u00e4ulenschwenkkran LS ist f\u00fcr die freistehende Montage auf dem Hallenboden konzipiert.\" \/>\n<meta name=\"robots\" content=\"index, follow, max-snippet:-1, max-image-preview:large, max-video-preview:-1\" \/>\n<link rel=\"canonical\" href=\"https:\/\/www.astam.at\/en\/leistungen\/krananlagen\/abus\/krane\/schwenkkrane\/saeulenschwenkkran-ls\/\" \/>\n<meta property=\"og:locale\" content=\"en_US\" \/>\n<meta property=\"og:type\" content=\"article\" \/>\n<meta property=\"og:title\" content=\"ABUS Schwenkkrane - S\u00e4ulenschwenkkran LS - ASTAM\" \/>\n<meta property=\"og:description\" content=\"Der S\u00e4ulenschwenkkran LS ist f\u00fcr die freistehende Montage auf dem Hallenboden konzipiert.\" \/>\n<meta property=\"og:url\" content=\"https:\/\/www.astam.at\/en\/leistungen\/krananlagen\/abus\/krane\/schwenkkrane\/saeulenschwenkkran-ls\/\" \/>\n<meta property=\"og:site_name\" content=\"ASTAM\" \/>\n<meta property=\"article:publisher\" content=\"https:\/\/www.facebook.com\/pg\/ASTAM-Gmbh-572405462791301\/posts\/\" \/>\n<meta property=\"article:modified_time\" content=\"2022-09-28T08:00:14+00:00\" \/>\n<meta property=\"og:image\" content=\"https:\/\/www.astam.at\/wp-content\/uploads\/2022\/09\/B1-Illustration-LS.png\" \/>\n\t<meta property=\"og:image:width\" content=\"500\" \/>\n\t<meta property=\"og:image:height\" content=\"400\" \/>\n\t<meta property=\"og:image:type\" content=\"image\/png\" \/>\n<meta name=\"twitter:card\" content=\"summary_large_image\" \/>\n<meta name=\"twitter:label1\" content=\"Est. reading time\" \/>\n\t<meta name=\"twitter:data1\" content=\"1 minute\" \/>\n<!-- \/ Yoast SEO plugin. -->","yoast_head_json":{"title":"ABUS Schwenkkrane - S\u00e4ulenschwenkkran LS - ASTAM","description":"Der S\u00e4ulenschwenkkran LS ist f\u00fcr die freistehende Montage auf dem Hallenboden konzipiert.","robots":{"index":"index","follow":"follow","max-snippet":"max-snippet:-1","max-image-preview":"max-image-preview:large","max-video-preview":"max-video-preview:-1"},"canonical":"https:\/\/www.astam.at\/en\/leistungen\/krananlagen\/abus\/krane\/schwenkkrane\/saeulenschwenkkran-ls\/","og_locale":"en_US","og_type":"article","og_title":"ABUS Schwenkkrane - S\u00e4ulenschwenkkran LS - ASTAM","og_description":"Der S\u00e4ulenschwenkkran LS ist f\u00fcr die freistehende Montage auf dem Hallenboden konzipiert.","og_url":"https:\/\/www.astam.at\/en\/leistungen\/krananlagen\/abus\/krane\/schwenkkrane\/saeulenschwenkkran-ls\/","og_site_name":"ASTAM","article_publisher":"https:\/\/www.facebook.com\/pg\/ASTAM-Gmbh-572405462791301\/posts\/","article_modified_time":"2022-09-28T08:00:14+00:00","og_image":[{"width":500,"height":400,"url":"https:\/\/www.astam.at\/wp-content\/uploads\/2022\/09\/B1-Illustration-LS.png","type":"image\/png"}],"twitter_card":"summary_large_image","twitter_misc":{"Est. reading time":"1 minute"},"schema":{"@context":"https:\/\/schema.org","@graph":[{"@type":"WebPage","@id":"https:\/\/www.astam.at\/en\/leistungen\/krananlagen\/abus\/krane\/schwenkkrane\/saeulenschwenkkran-ls\/","url":"https:\/\/www.astam.at\/en\/leistungen\/krananlagen\/abus\/krane\/schwenkkrane\/saeulenschwenkkran-ls\/","name":"ABUS Schwenkkrane - S\u00e4ulenschwenkkran LS - ASTAM","isPartOf":{"@id":"https:\/\/www.astam.at\/en\/#website"},"primaryImageOfPage":{"@id":"https:\/\/www.astam.at\/en\/leistungen\/krananlagen\/abus\/krane\/schwenkkrane\/saeulenschwenkkran-ls\/#primaryimage"},"image":{"@id":"https:\/\/www.astam.at\/en\/leistungen\/krananlagen\/abus\/krane\/schwenkkrane\/saeulenschwenkkran-ls\/#primaryimage"},"thumbnailUrl":"https:\/\/www.astam.at\/wp-content\/uploads\/2022\/09\/B1-Illustration-LS.png","datePublished":"2022-09-27T06:51:10+00:00","dateModified":"2022-09-28T08:00:14+00:00","description":"Der S\u00e4ulenschwenkkran LS ist f\u00fcr die freistehende Montage auf dem Hallenboden konzipiert.","breadcrumb":{"@id":"https:\/\/www.astam.at\/en\/leistungen\/krananlagen\/abus\/krane\/schwenkkrane\/saeulenschwenkkran-ls\/#breadcrumb"},"inLanguage":"en-US","potentialAction":[{"@type":"ReadAction","target":["https:\/\/www.astam.at\/en\/leistungen\/krananlagen\/abus\/krane\/schwenkkrane\/saeulenschwenkkran-ls\/"]}]},{"@type":"ImageObject","inLanguage":"en-US","@id":"https:\/\/www.astam.at\/en\/leistungen\/krananlagen\/abus\/krane\/schwenkkrane\/saeulenschwenkkran-ls\/#primaryimage","url":"https:\/\/www.astam.at\/wp-content\/uploads\/2022\/09\/B1-Illustration-LS.png","contentUrl":"https:\/\/www.astam.at\/wp-content\/uploads\/2022\/09\/B1-Illustration-LS.png","width":500,"height":400},{"@type":"BreadcrumbList","@id":"https:\/\/www.astam.at\/en\/leistungen\/krananlagen\/abus\/krane\/schwenkkrane\/saeulenschwenkkran-ls\/#breadcrumb","itemListElement":[{"@type":"ListItem","position":1,"name":"Startseite","item":"https:\/\/www.astam.at\/en\/"},{"@type":"ListItem","position":2,"name":"ABUS","item":"https:\/\/www.astam.at\/leistungen\/krananlagen\/abus\/"},{"@type":"ListItem","position":3,"name":"S\u00e4ulenschwenkkran LS"}]},{"@type":"WebSite","@id":"https:\/\/www.astam.at\/en\/#website","url":"https:\/\/www.astam.at\/en\/","name":"ASTAM","description":"Maschinen- Stahl und Anlagenbau, Krananlagen","publisher":{"@id":"https:\/\/www.astam.at\/en\/#organization"},"potentialAction":[{"@type":"SearchAction","target":{"@type":"EntryPoint","urlTemplate":"https:\/\/www.astam.at\/en\/?s={search_term_string}"},"query-input":{"@type":"PropertyValueSpecification","valueRequired":true,"valueName":"search_term_string"}}],"inLanguage":"en-US"},{"@type":"Organization","@id":"https:\/\/www.astam.at\/en\/#organization","name":"ASTAM Allgemeine Stahl-, Anlagen- und Maschinenbau Ges.m.b.H.","url":"https:\/\/www.astam.at\/en\/","logo":{"@type":"ImageObject","inLanguage":"en-US","@id":"https:\/\/www.astam.at\/en\/#\/schema\/logo\/image\/","url":"https:\/\/www.astam.at\/wp-content\/uploads\/2020\/07\/astam_logo_freigestellt.png","contentUrl":"https:\/\/www.astam.at\/wp-content\/uploads\/2020\/07\/astam_logo_freigestellt.png","width":2318,"height":329,"caption":"ASTAM Allgemeine Stahl-, Anlagen- und Maschinenbau Ges.m.b.H."},"image":{"@id":"https:\/\/www.astam.at\/en\/#\/schema\/logo\/image\/"},"sameAs":["https:\/\/www.facebook.com\/pg\/ASTAM-Gmbh-572405462791301\/posts\/"]}]}},"_links":{"self":[{"href":"https:\/\/www.astam.at\/en\/wp-json\/wp\/v2\/product\/3110","targetHints":{"allow":["GET"]}}],"collection":[{"href":"https:\/\/www.astam.at\/en\/wp-json\/wp\/v2\/product"}],"about":[{"href":"https:\/\/www.astam.at\/en\/wp-json\/wp\/v2\/types\/product"}],"wp:featuredmedia":[{"embeddable":true,"href":"https:\/\/www.astam.at\/en\/wp-json\/wp\/v2\/media\/3112"}],"wp:attachment":[{"href":"https:\/\/www.astam.at\/en\/wp-json\/wp\/v2\/media?parent=3110"}],"wp:term":[{"taxonomy":"product_brand","embeddable":true,"href":"https:\/\/www.astam.at\/en\/wp-json\/wp\/v2\/product_brand?post=3110"},{"taxonomy":"product_cat","embeddable":true,"href":"https:\/\/www.astam.at\/en\/wp-json\/wp\/v2\/product_cat?post=3110"},{"taxonomy":"product_tag","embeddable":true,"href":"https:\/\/www.astam.at\/en\/wp-json\/wp\/v2\/product_tag?post=3110"}],"curies":[{"name":"wp","href":"https:\/\/api.w.org\/{rel}","templated":true}]}}

Säulenschwenkkran LS

<p><strong>Auf einen Blick</strong></p>
<ul>
<li>Tragfähigkeit bis 1 t</li>
<li>Ausladung bis 7 m</li>
<li>Schwenkbereich 270°</li>
<li>Mit <a tabindex="-1" href="https://www.astam.at/produkt-kategorie/hebezeuge/elektrokettenzuege/">ABUS Elektro-Kettenzug</a></li>
<li>Mit vielfältigen <a tabindex="-1" href="https://www.abus-kran.at/krane/schwenkkrane/befestigung/bodenmontage" target="_blank" rel="noopener">Befestigungsmöglichkeiten</a></li>
<li>Umfangreiche <a tabindex="-1" href="https://www.abus-kran.at/krane/schwenkkrane/zusatzausstattung" target="_blank" rel="noopener">Zusatzausstattungen</a> möglich</li>
</ul>
<hr />
<p>Der Säulenschwenkkran LS ist für die freistehende Montage auf dem Hallenboden konzipiert. Dieser Arbeitsplatzkran bietet Ihnen einen Arbeitsradius von <strong>270°</strong> mit einer Ausladung bis zu <strong>7 m</strong> und einer Tragfähigkeit bis zu <strong>1 t</strong>. Über Schwenkanschläge kann der Schwenkbereich individuell angepasst werden.</p>
<p>Typisch für den Säulenschwenkkran LS ist die Unterstützung von Hebeaufgaben, meist im niedrigeren Tragfähigkeitsbereich. Lasten lassen sich schnell und sicher aufnehmen und durch den leichtgängigen Ausleger kraftschonend und präzise umsetzen.</p>
<p>Befestigt wird der Kran über eine <a tabindex="-1" href="https://www.abus-kran.at/krane/schwenkkrane/befestigung/bodenmontage#mit_duebelplatte" target="_blank" rel="noopener">runde Dübelplatte</a> mit speziellen, für dynamische Lasten zugelassenen Verbundankern. Wahlweise können auch <a tabindex="-1" href="https://www.abus-kran.at/krane/schwenkkrane/befestigung/bodenmontage#mit_ankerschrauben" target="_blank" rel="noopener">Ankerstangen</a> für eine Fundamentbefestigung oder eine <a tabindex="-1" href="https://www.abus-kran.at/krane/schwenkkrane/befestigung/bodenmontage#mit_zwischenplatte" target="_blank" rel="noopener">Zwischenplatte mit Bodenankern</a> verwendet werden.</p>
<p>&nbsp;</p>
<p>&nbsp;</p>
<p>&nbsp;</p>

<p>Der Säulenschwenkkran LS ist für die freistehende Montage auf dem Hallenboden konzipiert. Dieser Arbeitsplatzkran bietet Ihnen einen Arbeitsradius von <strong>270°</strong> mit einer Ausladung bis zu <strong>7 m</strong> und einer Tragfähigkeit bis zu <strong>1 t</strong>. Über Schwenkanschläge kann der Schwenkbereich individuell angepasst werden.</p>

<!-- This site is optimized with the Yoast SEO plugin v27.5 - https://yoast.com/product/yoast-seo-wordpress/ -->
<title>ABUS Schwenkkrane - Säulenschwenkkran LS - ASTAM</title>
<meta name="description" content="Der Säulenschwenkkran LS ist für die freistehende Montage auf dem Hallenboden konzipiert." />
<meta name="robots" content="index, follow, max-snippet:-1, max-image-preview:large, max-video-preview:-1" />
<link rel="canonical" href="https://www.astam.at/en/leistungen/krananlagen/abus/krane/schwenkkrane/saeulenschwenkkran-ls/" />
<meta property="og:locale" content="en_US" />
<meta property="og:type" content="article" />
<meta property="og:title" content="ABUS Schwenkkrane - Säulenschwenkkran LS - ASTAM" />
<meta property="og:description" content="Der Säulenschwenkkran LS ist für die freistehende Montage auf dem Hallenboden konzipiert." />
<meta property="og:url" content="https://www.astam.at/en/leistungen/krananlagen/abus/krane/schwenkkrane/saeulenschwenkkran-ls/" />
<meta property="og:site_name" content="ASTAM" />
<meta property="article:publisher" content="https://www.facebook.com/pg/ASTAM-Gmbh-572405462791301/posts/" />
<meta property="article:modified_time" content="2022-09-28T08:00:14+00:00" />
<meta property="og:image" content="https://www.astam.at/wp-content/uploads/2022/09/B1-Illustration-LS.png" />
	<meta property="og:image:width" content="500" />
	<meta property="og:image:height" content="400" />
	<meta property="og:image:type" content="image/png" />
<meta name="twitter:card" content="summary_large_image" />
<meta name="twitter:label1" content="Est. reading time" />
	<meta name="twitter:data1" content="1 minute" />
<!-- / Yoast SEO plugin. -->

ABUS Schwenkkrane - Säulenschwenkkran LS - ASTAM

Der Säulenschwenkkran LS ist für die freistehende Montage auf dem Hallenboden konzipiert.
