{"id":3152,"date":"2022-09-27T09:33:21","date_gmt":"2022-09-27T07:33:21","guid":{"rendered":"https:\/\/www.astam.at\/?post_type=product&#038;p=3152"},"modified":"2022-09-28T10:05:42","modified_gmt":"2022-09-28T08:05:42","slug":"wandschwenkkran-lw","status":"publish","type":"product","link":"https:\/\/www.astam.at\/en\/leistungen\/krananlagen\/abus\/krane\/schwenkkrane\/wandschwenkkran-lw\/","title":{"rendered":"Wandschwenkkran LW"},"content":{"rendered":"<p><strong>Auf einen Blick<\/strong><\/p>\n<ul>\n<li>Tragf\u00e4higkeit bis <span class=\"nowrap\">1 t<\/span><\/li>\n<li>Ausladung bis <span class=\"nowrap\">7 m<\/span><\/li>\n<li>Schwenkbereich 180\u00b0<\/li>\n<li>Mit <a tabindex=\"-1\" href=\"https:\/\/www.astam.at\/produkt-kategorie\/hebezeuge\/elektrokettenzuege\/\">ABUS Elektro-Kettenzug<\/a><\/li>\n<li>Mit vielf\u00e4ltigen <a tabindex=\"-1\" href=\"https:\/\/www.abus-kran.at\/krane\/schwenkkrane\/befestigung\/wandmontage\" target=\"_blank\" rel=\"noopener\">Befestigungsm\u00f6glichkeiten<\/a><\/li>\n<li>Umfangreiche <a tabindex=\"-1\" href=\"https:\/\/www.abus-kran.at\/krane\/schwenkkrane\/zusatzausstattung\" target=\"_blank\" rel=\"noopener\">Zusatzausstattungen<\/a> m\u00f6glich<\/li>\n<\/ul>\n<hr \/>\n<p>Der\u00a0Wandschwenkkran LW ist f\u00fcr die Montage an eine Wand oder eine St\u00fctze konzipiert. Dieser Arbeitsplatzkran bietet Ihnen einen Arbeitsradius von bis zu \u00a0<strong>180\u00b0<\/strong>\u00a0mit einer Ausladung bis zu\u00a0<span class=\"nowrap\"><strong>7 m<\/strong><\/span>\u00a0und einer Tragf\u00e4higkeit bis zu\u00a0<span class=\"nowrap\"><strong>1 t<\/strong>.<\/span><\/p>\n<p>Unauff\u00e4llig und zuverl\u00e4ssig hilft der Wandschwenkkran LW, wenn es gilt, niedrigere Lasten von Hand zu bewegen.\u00a0Durch seine leichte Bauart l\u00e4sst er sich und die Last auch bei gro\u00dfen Ausladungen schnell\u00a0und pr\u00e4zise f\u00fchren und unterst\u00fctzt Sie dadurch wirkungsvoll in der t\u00e4glichen Arbeit.<\/p>\n<p>Befestigt wir der Kran \u00fcber die im Lieferumfang enthaltene Wandkonsole. F\u00fcr unterschiedliche geb\u00e4udeseitige Gegebenheiten stehen <a tabindex=\"-1\" href=\"https:\/\/www.abus-kran.at\/krane\/schwenkkrane\/befestigung\" target=\"_blank\" rel=\"noopener\">weitere Befestigungsl\u00f6sungen<\/a> zur Verf\u00fcgung.<\/p>\n<p>&nbsp;<\/p>\n<p>&nbsp;<\/p>\n<p>&nbsp;<\/p>\n<p>&nbsp;<\/p>\n","protected":false},"excerpt":{"rendered":"<p><span class=\"nowrap\">Der\u00a0Wandschwenkkran LW ist f\u00fcr die Montage an eine Wand oder eine St\u00fctze konzipiert. Dieser Arbeitsplatzkran bietet Ihnen einen Arbeitsradius von bis zu \u00a0<strong>180\u00b0<\/strong>\u00a0mit einer Ausladung bis zu\u00a0<strong>7 m<\/strong>\u00a0und einer Tragf\u00e4higkeit bis zu\u00a0<strong>1 t<\/strong>.<\/span><\/p>\n","protected":false},"featured_media":3154,"template":"","meta":{"_acf_changed":false,"inline_featured_image":false},"product_brand":[],"product_cat":[114],"product_tag":[],"class_list":{"0":"post-3152","1":"product","2":"type-product","3":"status-publish","4":"has-post-thumbnail","6":"product_cat-schwenkkrane","8":"first","9":"instock","10":"shipping-taxable","11":"product-type-simple"},"acf":[],"yoast_head":"<!-- This site is optimized with the Yoast SEO plugin v27.5 - https:\/\/yoast.com\/product\/yoast-seo-wordpress\/ -->\n<title>ABUS Schwenkkrane - Wandschwenkkran LW - ASTAM<\/title>\n<meta name=\"description\" content=\"Der\u00a0Wandschwenkkran LW ist f\u00fcr die Montage an eine Wand oder eine St\u00fctze konzipiert.\" \/>\n<meta name=\"robots\" content=\"index, follow, max-snippet:-1, max-image-preview:large, max-video-preview:-1\" \/>\n<link rel=\"canonical\" href=\"https:\/\/www.astam.at\/en\/leistungen\/krananlagen\/abus\/krane\/schwenkkrane\/wandschwenkkran-lw\/\" \/>\n<meta property=\"og:locale\" content=\"en_US\" \/>\n<meta property=\"og:type\" content=\"article\" \/>\n<meta property=\"og:title\" content=\"ABUS Schwenkkrane - Wandschwenkkran LW - ASTAM\" \/>\n<meta property=\"og:description\" content=\"Der\u00a0Wandschwenkkran LW ist f\u00fcr die Montage an eine Wand oder eine St\u00fctze konzipiert.\" \/>\n<meta property=\"og:url\" content=\"https:\/\/www.astam.at\/en\/leistungen\/krananlagen\/abus\/krane\/schwenkkrane\/wandschwenkkran-lw\/\" \/>\n<meta property=\"og:site_name\" content=\"ASTAM\" \/>\n<meta property=\"article:publisher\" content=\"https:\/\/www.facebook.com\/pg\/ASTAM-Gmbh-572405462791301\/posts\/\" \/>\n<meta property=\"article:modified_time\" content=\"2022-09-28T08:05:42+00:00\" \/>\n<meta property=\"og:image\" content=\"https:\/\/www.astam.at\/wp-content\/uploads\/2022\/09\/B3-Illustration-LW.png\" \/>\n\t<meta property=\"og:image:width\" content=\"500\" \/>\n\t<meta property=\"og:image:height\" content=\"400\" \/>\n\t<meta property=\"og:image:type\" content=\"image\/png\" \/>\n<meta name=\"twitter:card\" content=\"summary_large_image\" \/>\n<meta name=\"twitter:label1\" content=\"Est. reading time\" \/>\n\t<meta name=\"twitter:data1\" content=\"1 minute\" \/>\n<!-- \/ Yoast SEO plugin. -->","yoast_head_json":{"title":"ABUS Schwenkkrane - Wandschwenkkran LW - ASTAM","description":"Der\u00a0Wandschwenkkran LW ist f\u00fcr die Montage an eine Wand oder eine St\u00fctze konzipiert.","robots":{"index":"index","follow":"follow","max-snippet":"max-snippet:-1","max-image-preview":"max-image-preview:large","max-video-preview":"max-video-preview:-1"},"canonical":"https:\/\/www.astam.at\/en\/leistungen\/krananlagen\/abus\/krane\/schwenkkrane\/wandschwenkkran-lw\/","og_locale":"en_US","og_type":"article","og_title":"ABUS Schwenkkrane - Wandschwenkkran LW - ASTAM","og_description":"Der\u00a0Wandschwenkkran LW ist f\u00fcr die Montage an eine Wand oder eine St\u00fctze konzipiert.","og_url":"https:\/\/www.astam.at\/en\/leistungen\/krananlagen\/abus\/krane\/schwenkkrane\/wandschwenkkran-lw\/","og_site_name":"ASTAM","article_publisher":"https:\/\/www.facebook.com\/pg\/ASTAM-Gmbh-572405462791301\/posts\/","article_modified_time":"2022-09-28T08:05:42+00:00","og_image":[{"width":500,"height":400,"url":"https:\/\/www.astam.at\/wp-content\/uploads\/2022\/09\/B3-Illustration-LW.png","type":"image\/png"}],"twitter_card":"summary_large_image","twitter_misc":{"Est. reading time":"1 minute"},"schema":{"@context":"https:\/\/schema.org","@graph":[{"@type":"WebPage","@id":"https:\/\/www.astam.at\/en\/leistungen\/krananlagen\/abus\/krane\/schwenkkrane\/wandschwenkkran-lw\/","url":"https:\/\/www.astam.at\/en\/leistungen\/krananlagen\/abus\/krane\/schwenkkrane\/wandschwenkkran-lw\/","name":"ABUS Schwenkkrane - Wandschwenkkran LW - ASTAM","isPartOf":{"@id":"https:\/\/www.astam.at\/en\/#website"},"primaryImageOfPage":{"@id":"https:\/\/www.astam.at\/en\/leistungen\/krananlagen\/abus\/krane\/schwenkkrane\/wandschwenkkran-lw\/#primaryimage"},"image":{"@id":"https:\/\/www.astam.at\/en\/leistungen\/krananlagen\/abus\/krane\/schwenkkrane\/wandschwenkkran-lw\/#primaryimage"},"thumbnailUrl":"https:\/\/www.astam.at\/wp-content\/uploads\/2022\/09\/B3-Illustration-LW.png","datePublished":"2022-09-27T07:33:21+00:00","dateModified":"2022-09-28T08:05:42+00:00","description":"Der\u00a0Wandschwenkkran LW ist f\u00fcr die Montage an eine Wand oder eine St\u00fctze konzipiert.","breadcrumb":{"@id":"https:\/\/www.astam.at\/en\/leistungen\/krananlagen\/abus\/krane\/schwenkkrane\/wandschwenkkran-lw\/#breadcrumb"},"inLanguage":"en-US","potentialAction":[{"@type":"ReadAction","target":["https:\/\/www.astam.at\/en\/leistungen\/krananlagen\/abus\/krane\/schwenkkrane\/wandschwenkkran-lw\/"]}]},{"@type":"ImageObject","inLanguage":"en-US","@id":"https:\/\/www.astam.at\/en\/leistungen\/krananlagen\/abus\/krane\/schwenkkrane\/wandschwenkkran-lw\/#primaryimage","url":"https:\/\/www.astam.at\/wp-content\/uploads\/2022\/09\/B3-Illustration-LW.png","contentUrl":"https:\/\/www.astam.at\/wp-content\/uploads\/2022\/09\/B3-Illustration-LW.png","width":500,"height":400},{"@type":"BreadcrumbList","@id":"https:\/\/www.astam.at\/en\/leistungen\/krananlagen\/abus\/krane\/schwenkkrane\/wandschwenkkran-lw\/#breadcrumb","itemListElement":[{"@type":"ListItem","position":1,"name":"Startseite","item":"https:\/\/www.astam.at\/en\/"},{"@type":"ListItem","position":2,"name":"ABUS","item":"https:\/\/www.astam.at\/leistungen\/krananlagen\/abus\/"},{"@type":"ListItem","position":3,"name":"Wandschwenkkran LW"}]},{"@type":"WebSite","@id":"https:\/\/www.astam.at\/en\/#website","url":"https:\/\/www.astam.at\/en\/","name":"ASTAM","description":"Maschinen- Stahl und Anlagenbau, Krananlagen","publisher":{"@id":"https:\/\/www.astam.at\/en\/#organization"},"potentialAction":[{"@type":"SearchAction","target":{"@type":"EntryPoint","urlTemplate":"https:\/\/www.astam.at\/en\/?s={search_term_string}"},"query-input":{"@type":"PropertyValueSpecification","valueRequired":true,"valueName":"search_term_string"}}],"inLanguage":"en-US"},{"@type":"Organization","@id":"https:\/\/www.astam.at\/en\/#organization","name":"ASTAM Allgemeine Stahl-, Anlagen- und Maschinenbau Ges.m.b.H.","url":"https:\/\/www.astam.at\/en\/","logo":{"@type":"ImageObject","inLanguage":"en-US","@id":"https:\/\/www.astam.at\/en\/#\/schema\/logo\/image\/","url":"https:\/\/www.astam.at\/wp-content\/uploads\/2020\/07\/astam_logo_freigestellt.png","contentUrl":"https:\/\/www.astam.at\/wp-content\/uploads\/2020\/07\/astam_logo_freigestellt.png","width":2318,"height":329,"caption":"ASTAM Allgemeine Stahl-, Anlagen- und Maschinenbau Ges.m.b.H."},"image":{"@id":"https:\/\/www.astam.at\/en\/#\/schema\/logo\/image\/"},"sameAs":["https:\/\/www.facebook.com\/pg\/ASTAM-Gmbh-572405462791301\/posts\/"]}]}},"_links":{"self":[{"href":"https:\/\/www.astam.at\/en\/wp-json\/wp\/v2\/product\/3152","targetHints":{"allow":["GET"]}}],"collection":[{"href":"https:\/\/www.astam.at\/en\/wp-json\/wp\/v2\/product"}],"about":[{"href":"https:\/\/www.astam.at\/en\/wp-json\/wp\/v2\/types\/product"}],"wp:featuredmedia":[{"embeddable":true,"href":"https:\/\/www.astam.at\/en\/wp-json\/wp\/v2\/media\/3154"}],"wp:attachment":[{"href":"https:\/\/www.astam.at\/en\/wp-json\/wp\/v2\/media?parent=3152"}],"wp:term":[{"taxonomy":"product_brand","embeddable":true,"href":"https:\/\/www.astam.at\/en\/wp-json\/wp\/v2\/product_brand?post=3152"},{"taxonomy":"product_cat","embeddable":true,"href":"https:\/\/www.astam.at\/en\/wp-json\/wp\/v2\/product_cat?post=3152"},{"taxonomy":"product_tag","embeddable":true,"href":"https:\/\/www.astam.at\/en\/wp-json\/wp\/v2\/product_tag?post=3152"}],"curies":[{"name":"wp","href":"https:\/\/api.w.org\/{rel}","templated":true}]}}

<p><strong>Auf einen Blick</strong></p>
<ul>
<li>Tragfähigkeit bis <span class="nowrap">1 t</span></li>
<li>Ausladung bis <span class="nowrap">7 m</span></li>
<li>Schwenkbereich 180°</li>
<li>Mit <a tabindex="-1" href="https://www.astam.at/produkt-kategorie/hebezeuge/elektrokettenzuege/">ABUS Elektro-Kettenzug</a></li>
<li>Mit vielfältigen <a tabindex="-1" href="https://www.abus-kran.at/krane/schwenkkrane/befestigung/wandmontage" target="_blank" rel="noopener">Befestigungsmöglichkeiten</a></li>
<li>Umfangreiche <a tabindex="-1" href="https://www.abus-kran.at/krane/schwenkkrane/zusatzausstattung" target="_blank" rel="noopener">Zusatzausstattungen</a> möglich</li>
</ul>
<hr />
<p>Der Wandschwenkkran LW ist für die Montage an eine Wand oder eine Stütze konzipiert. Dieser Arbeitsplatzkran bietet Ihnen einen Arbeitsradius von bis zu  <strong>180°</strong> mit einer Ausladung bis zu <span class="nowrap"><strong>7 m</strong></span> und einer Tragfähigkeit bis zu <span class="nowrap"><strong>1 t</strong>.</span></p>
<p>Unauffällig und zuverlässig hilft der Wandschwenkkran LW, wenn es gilt, niedrigere Lasten von Hand zu bewegen. Durch seine leichte Bauart lässt er sich und die Last auch bei großen Ausladungen schnell und präzise führen und unterstützt Sie dadurch wirkungsvoll in der täglichen Arbeit.</p>
<p>Befestigt wir der Kran über die im Lieferumfang enthaltene Wandkonsole. Für unterschiedliche gebäudeseitige Gegebenheiten stehen <a tabindex="-1" href="https://www.abus-kran.at/krane/schwenkkrane/befestigung" target="_blank" rel="noopener">weitere Befestigungslösungen</a> zur Verfügung.</p>
<p>&nbsp;</p>
<p>&nbsp;</p>
<p>&nbsp;</p>
<p>&nbsp;</p>

<p><span class="nowrap">Der Wandschwenkkran LW ist für die Montage an eine Wand oder eine Stütze konzipiert. Dieser Arbeitsplatzkran bietet Ihnen einen Arbeitsradius von bis zu  <strong>180°</strong> mit einer Ausladung bis zu <strong>7 m</strong> und einer Tragfähigkeit bis zu <strong>1 t</strong>.</span></p>

<!-- This site is optimized with the Yoast SEO plugin v27.5 - https://yoast.com/product/yoast-seo-wordpress/ -->
<title>ABUS Schwenkkrane - Wandschwenkkran LW - ASTAM</title>
<meta name="description" content="Der Wandschwenkkran LW ist für die Montage an eine Wand oder eine Stütze konzipiert." />
<meta name="robots" content="index, follow, max-snippet:-1, max-image-preview:large, max-video-preview:-1" />
<link rel="canonical" href="https://www.astam.at/en/leistungen/krananlagen/abus/krane/schwenkkrane/wandschwenkkran-lw/" />
<meta property="og:locale" content="en_US" />
<meta property="og:type" content="article" />
<meta property="og:title" content="ABUS Schwenkkrane - Wandschwenkkran LW - ASTAM" />
<meta property="og:description" content="Der Wandschwenkkran LW ist für die Montage an eine Wand oder eine Stütze konzipiert." />
<meta property="og:url" content="https://www.astam.at/en/leistungen/krananlagen/abus/krane/schwenkkrane/wandschwenkkran-lw/" />
<meta property="og:site_name" content="ASTAM" />
<meta property="article:publisher" content="https://www.facebook.com/pg/ASTAM-Gmbh-572405462791301/posts/" />
<meta property="article:modified_time" content="2022-09-28T08:05:42+00:00" />
<meta property="og:image" content="https://www.astam.at/wp-content/uploads/2022/09/B3-Illustration-LW.png" />
	<meta property="og:image:width" content="500" />
	<meta property="og:image:height" content="400" />
	<meta property="og:image:type" content="image/png" />
<meta name="twitter:card" content="summary_large_image" />
<meta name="twitter:label1" content="Est. reading time" />
	<meta name="twitter:data1" content="1 minute" />
<!-- / Yoast SEO plugin. -->

Der Wandschwenkkran LW ist für die Montage an eine Wand oder eine Stütze konzipiert.
