{"id":3179,"date":"2022-09-27T09:48:39","date_gmt":"2022-09-27T07:48:39","guid":{"rendered":"https:\/\/www.astam.at\/?post_type=product&#038;p=3179"},"modified":"2022-09-28T10:11:50","modified_gmt":"2022-09-28T08:11:50","slug":"wandschwenkkran-vw","status":"publish","type":"product","link":"https:\/\/www.astam.at\/en\/leistungen\/krananlagen\/abus\/krane\/schwenkkrane\/wandschwenkkran-vw\/","title":{"rendered":"Wandschwenkkran VW"},"content":{"rendered":"<p><strong>Auf einen Blick<\/strong><\/p>\n<ul>\n<li>Tragf\u00e4higkeit bis 5 t<\/li>\n<li>Ausladung bis 10 m<\/li>\n<li>Schwenkbereich 180\u00b0<\/li>\n<li>Bis 4 t mit <a tabindex=\"-1\" href=\"https:\/\/www.astam.at\/produkt-kategorie\/hebezeuge\/elektrokettenzuege\/\">ABUS Elektro-Kettenzug<\/a><\/li>\n<li>Bis 5 t mit <a tabindex=\"-1\" href=\"https:\/\/www.astam.at\/produkt-kategorie\/hebezeuge\/elektroseilzuege\/\">ABUS Elektro-Seilzug<\/a><\/li>\n<li>Mit vielf\u00e4ltigen <a tabindex=\"-1\" href=\"https:\/\/www.abus-kran.at\/krane\/schwenkkrane\/befestigung\/wandmontage\" target=\"_blank\" rel=\"noopener\">Befestigungsm\u00f6glichkeiten<\/a><\/li>\n<li>Umfangreiche <a tabindex=\"-1\" href=\"https:\/\/www.abus-kran.at\/krane\/schwenkkrane\/zusatzausstattung\" target=\"_blank\" rel=\"noopener\">Zusatzausstattungen<\/a> m\u00f6glich<\/li>\n<\/ul>\n<hr \/>\n<p>Der Wandschwenkkran\u00a0VW ist f\u00fcr die Montage an einer Wand oder eine St\u00fctze konzipiert. Dieser Arbeitsplatzkran bietet Ihnen einen Arbeitsradius von\u00a0<strong>180\u00b0<\/strong>\u00a0mit einer Ausladung bis zu\u00a0<strong>1<span class=\"nowrap\">0 m<\/span><\/strong>\u00a0und einer Tragf\u00e4higkeit bis zu<strong>\u00a0<span class=\"nowrap\">5\u00a0<\/span>t<\/strong>.<\/p>\n<p>Durch die Bauart Wandschwenkkran VW k\u00f6nnen die Hallenma\u00dfe so ausgenutzt werden, dass dabei eine m\u00f6glichst hohe Hubh\u00f6he f\u00fcr das \u00dcbersetzen der Last erreicht wird. Wandschwenkkrane der Bauart VW werden mit kr\u00e4ftigen und bew\u00e4hrten\u00a0<a tabindex=\"-1\" href=\"https:\/\/www.astam.at\/produkt-kategorie\/hebezeuge\/elektroseilzuege\/\" data-tabindex-counter=\"1\" data-tabindex-value=\"none\">ABUS Seilz\u00fcgen<\/a>\u00a0ausgestattet und verf\u00fcgen Serienm\u00e4\u00dfig \u00fcber eine verfahrbare Steuerung.<\/p>\n<p>F\u00fcr unterschiedliche geb\u00e4udeseitige Gegebenheiten stehen <a tabindex=\"-1\" href=\"https:\/\/www.abus-kran.at\/krane\/schwenkkrane\/befestigung\" target=\"_blank\" rel=\"noopener\">verschiedene\u00a0Befestigungsl\u00f6sungen<\/a> zur Verf\u00fcgung.<\/p>\n<p>&nbsp;<\/p>\n<p>&nbsp;<\/p>\n<p>&nbsp;<\/p>\n<p>&nbsp;<\/p>\n<p>&nbsp;<\/p>\n","protected":false},"excerpt":{"rendered":"<p><span class=\"nowrap\">Der Wandschwenkkran\u00a0VW ist f\u00fcr die Montage an einer Wand oder eine St\u00fctze konzipiert. Dieser Arbeitsplatzkran bietet Ihnen einen Arbeitsradius von\u00a0<strong>180\u00b0<\/strong>\u00a0mit einer Ausladung bis zu\u00a0<strong>10 m<\/strong>\u00a0und einer Tragf\u00e4higkeit bis zu<strong>\u00a05\u00a0t<\/strong>.<\/span><\/p>\n","protected":false},"featured_media":3180,"template":"","meta":{"_acf_changed":false,"inline_featured_image":false},"product_brand":[],"product_cat":[114],"product_tag":[],"class_list":{"0":"post-3179","1":"product","2":"type-product","3":"status-publish","4":"has-post-thumbnail","6":"product_cat-schwenkkrane","8":"first","9":"instock","10":"shipping-taxable","11":"product-type-simple"},"acf":[],"yoast_head":"<!-- This site is optimized with the Yoast SEO plugin v27.5 - https:\/\/yoast.com\/product\/yoast-seo-wordpress\/ -->\n<title>ABUS Schwenkkrane - Wandschwenkkran VW - ASTAM<\/title>\n<meta name=\"description\" content=\"Der\u00a0Wandschwenkkran VW ist f\u00fcr die Montage an eine Wand oder eine St\u00fctze konzipiert.\" \/>\n<meta name=\"robots\" content=\"index, follow, max-snippet:-1, max-image-preview:large, max-video-preview:-1\" \/>\n<link rel=\"canonical\" href=\"https:\/\/www.astam.at\/en\/leistungen\/krananlagen\/abus\/krane\/schwenkkrane\/wandschwenkkran-vw\/\" \/>\n<meta property=\"og:locale\" content=\"en_US\" \/>\n<meta property=\"og:type\" content=\"article\" \/>\n<meta property=\"og:title\" content=\"ABUS Schwenkkrane - Wandschwenkkran VW - ASTAM\" \/>\n<meta property=\"og:description\" content=\"Der\u00a0Wandschwenkkran VW ist f\u00fcr die Montage an eine Wand oder eine St\u00fctze konzipiert.\" \/>\n<meta property=\"og:url\" content=\"https:\/\/www.astam.at\/en\/leistungen\/krananlagen\/abus\/krane\/schwenkkrane\/wandschwenkkran-vw\/\" \/>\n<meta property=\"og:site_name\" content=\"ASTAM\" \/>\n<meta property=\"article:publisher\" content=\"https:\/\/www.facebook.com\/pg\/ASTAM-Gmbh-572405462791301\/posts\/\" \/>\n<meta property=\"article:modified_time\" content=\"2022-09-28T08:11:50+00:00\" \/>\n<meta property=\"og:image\" content=\"https:\/\/www.astam.at\/wp-content\/uploads\/2022\/09\/B7-VW-A3.png\" \/>\n\t<meta property=\"og:image:width\" content=\"500\" \/>\n\t<meta property=\"og:image:height\" content=\"400\" \/>\n\t<meta property=\"og:image:type\" content=\"image\/png\" \/>\n<meta name=\"twitter:card\" content=\"summary_large_image\" \/>\n<meta name=\"twitter:label1\" content=\"Est. reading time\" \/>\n\t<meta name=\"twitter:data1\" content=\"1 minute\" \/>\n<!-- \/ Yoast SEO plugin. -->","yoast_head_json":{"title":"ABUS Schwenkkrane - Wandschwenkkran VW - ASTAM","description":"Der\u00a0Wandschwenkkran VW ist f\u00fcr die Montage an eine Wand oder eine St\u00fctze konzipiert.","robots":{"index":"index","follow":"follow","max-snippet":"max-snippet:-1","max-image-preview":"max-image-preview:large","max-video-preview":"max-video-preview:-1"},"canonical":"https:\/\/www.astam.at\/en\/leistungen\/krananlagen\/abus\/krane\/schwenkkrane\/wandschwenkkran-vw\/","og_locale":"en_US","og_type":"article","og_title":"ABUS Schwenkkrane - Wandschwenkkran VW - ASTAM","og_description":"Der\u00a0Wandschwenkkran VW ist f\u00fcr die Montage an eine Wand oder eine St\u00fctze konzipiert.","og_url":"https:\/\/www.astam.at\/en\/leistungen\/krananlagen\/abus\/krane\/schwenkkrane\/wandschwenkkran-vw\/","og_site_name":"ASTAM","article_publisher":"https:\/\/www.facebook.com\/pg\/ASTAM-Gmbh-572405462791301\/posts\/","article_modified_time":"2022-09-28T08:11:50+00:00","og_image":[{"width":500,"height":400,"url":"https:\/\/www.astam.at\/wp-content\/uploads\/2022\/09\/B7-VW-A3.png","type":"image\/png"}],"twitter_card":"summary_large_image","twitter_misc":{"Est. reading time":"1 minute"},"schema":{"@context":"https:\/\/schema.org","@graph":[{"@type":"WebPage","@id":"https:\/\/www.astam.at\/en\/leistungen\/krananlagen\/abus\/krane\/schwenkkrane\/wandschwenkkran-vw\/","url":"https:\/\/www.astam.at\/en\/leistungen\/krananlagen\/abus\/krane\/schwenkkrane\/wandschwenkkran-vw\/","name":"ABUS Schwenkkrane - Wandschwenkkran VW - ASTAM","isPartOf":{"@id":"https:\/\/www.astam.at\/en\/#website"},"primaryImageOfPage":{"@id":"https:\/\/www.astam.at\/en\/leistungen\/krananlagen\/abus\/krane\/schwenkkrane\/wandschwenkkran-vw\/#primaryimage"},"image":{"@id":"https:\/\/www.astam.at\/en\/leistungen\/krananlagen\/abus\/krane\/schwenkkrane\/wandschwenkkran-vw\/#primaryimage"},"thumbnailUrl":"https:\/\/www.astam.at\/wp-content\/uploads\/2022\/09\/B7-VW-A3.png","datePublished":"2022-09-27T07:48:39+00:00","dateModified":"2022-09-28T08:11:50+00:00","description":"Der\u00a0Wandschwenkkran VW ist f\u00fcr die Montage an eine Wand oder eine St\u00fctze konzipiert.","breadcrumb":{"@id":"https:\/\/www.astam.at\/en\/leistungen\/krananlagen\/abus\/krane\/schwenkkrane\/wandschwenkkran-vw\/#breadcrumb"},"inLanguage":"en-US","potentialAction":[{"@type":"ReadAction","target":["https:\/\/www.astam.at\/en\/leistungen\/krananlagen\/abus\/krane\/schwenkkrane\/wandschwenkkran-vw\/"]}]},{"@type":"ImageObject","inLanguage":"en-US","@id":"https:\/\/www.astam.at\/en\/leistungen\/krananlagen\/abus\/krane\/schwenkkrane\/wandschwenkkran-vw\/#primaryimage","url":"https:\/\/www.astam.at\/wp-content\/uploads\/2022\/09\/B7-VW-A3.png","contentUrl":"https:\/\/www.astam.at\/wp-content\/uploads\/2022\/09\/B7-VW-A3.png","width":500,"height":400},{"@type":"BreadcrumbList","@id":"https:\/\/www.astam.at\/en\/leistungen\/krananlagen\/abus\/krane\/schwenkkrane\/wandschwenkkran-vw\/#breadcrumb","itemListElement":[{"@type":"ListItem","position":1,"name":"Startseite","item":"https:\/\/www.astam.at\/en\/"},{"@type":"ListItem","position":2,"name":"ABUS","item":"https:\/\/www.astam.at\/leistungen\/krananlagen\/abus\/"},{"@type":"ListItem","position":3,"name":"Wandschwenkkran VW"}]},{"@type":"WebSite","@id":"https:\/\/www.astam.at\/en\/#website","url":"https:\/\/www.astam.at\/en\/","name":"ASTAM","description":"Maschinen- Stahl und Anlagenbau, Krananlagen","publisher":{"@id":"https:\/\/www.astam.at\/en\/#organization"},"potentialAction":[{"@type":"SearchAction","target":{"@type":"EntryPoint","urlTemplate":"https:\/\/www.astam.at\/en\/?s={search_term_string}"},"query-input":{"@type":"PropertyValueSpecification","valueRequired":true,"valueName":"search_term_string"}}],"inLanguage":"en-US"},{"@type":"Organization","@id":"https:\/\/www.astam.at\/en\/#organization","name":"ASTAM Allgemeine Stahl-, Anlagen- und Maschinenbau Ges.m.b.H.","url":"https:\/\/www.astam.at\/en\/","logo":{"@type":"ImageObject","inLanguage":"en-US","@id":"https:\/\/www.astam.at\/en\/#\/schema\/logo\/image\/","url":"https:\/\/www.astam.at\/wp-content\/uploads\/2020\/07\/astam_logo_freigestellt.png","contentUrl":"https:\/\/www.astam.at\/wp-content\/uploads\/2020\/07\/astam_logo_freigestellt.png","width":2318,"height":329,"caption":"ASTAM Allgemeine Stahl-, Anlagen- und Maschinenbau Ges.m.b.H."},"image":{"@id":"https:\/\/www.astam.at\/en\/#\/schema\/logo\/image\/"},"sameAs":["https:\/\/www.facebook.com\/pg\/ASTAM-Gmbh-572405462791301\/posts\/"]}]}},"_links":{"self":[{"href":"https:\/\/www.astam.at\/en\/wp-json\/wp\/v2\/product\/3179","targetHints":{"allow":["GET"]}}],"collection":[{"href":"https:\/\/www.astam.at\/en\/wp-json\/wp\/v2\/product"}],"about":[{"href":"https:\/\/www.astam.at\/en\/wp-json\/wp\/v2\/types\/product"}],"wp:featuredmedia":[{"embeddable":true,"href":"https:\/\/www.astam.at\/en\/wp-json\/wp\/v2\/media\/3180"}],"wp:attachment":[{"href":"https:\/\/www.astam.at\/en\/wp-json\/wp\/v2\/media?parent=3179"}],"wp:term":[{"taxonomy":"product_brand","embeddable":true,"href":"https:\/\/www.astam.at\/en\/wp-json\/wp\/v2\/product_brand?post=3179"},{"taxonomy":"product_cat","embeddable":true,"href":"https:\/\/www.astam.at\/en\/wp-json\/wp\/v2\/product_cat?post=3179"},{"taxonomy":"product_tag","embeddable":true,"href":"https:\/\/www.astam.at\/en\/wp-json\/wp\/v2\/product_tag?post=3179"}],"curies":[{"name":"wp","href":"https:\/\/api.w.org\/{rel}","templated":true}]}}

<p><strong>Auf einen Blick</strong></p>
<ul>
<li>Tragfähigkeit bis 5 t</li>
<li>Ausladung bis 10 m</li>
<li>Schwenkbereich 180°</li>
<li>Bis 4 t mit <a tabindex="-1" href="https://www.astam.at/produkt-kategorie/hebezeuge/elektrokettenzuege/">ABUS Elektro-Kettenzug</a></li>
<li>Bis 5 t mit <a tabindex="-1" href="https://www.astam.at/produkt-kategorie/hebezeuge/elektroseilzuege/">ABUS Elektro-Seilzug</a></li>
<li>Mit vielfältigen <a tabindex="-1" href="https://www.abus-kran.at/krane/schwenkkrane/befestigung/wandmontage" target="_blank" rel="noopener">Befestigungsmöglichkeiten</a></li>
<li>Umfangreiche <a tabindex="-1" href="https://www.abus-kran.at/krane/schwenkkrane/zusatzausstattung" target="_blank" rel="noopener">Zusatzausstattungen</a> möglich</li>
</ul>
<hr />
<p>Der Wandschwenkkran VW ist für die Montage an einer Wand oder eine Stütze konzipiert. Dieser Arbeitsplatzkran bietet Ihnen einen Arbeitsradius von <strong>180°</strong> mit einer Ausladung bis zu <strong>1<span class="nowrap">0 m</span></strong> und einer Tragfähigkeit bis zu<strong> <span class="nowrap">5 </span>t</strong>.</p>
<p>Durch die Bauart Wandschwenkkran VW können die Hallenmaße so ausgenutzt werden, dass dabei eine möglichst hohe Hubhöhe für das Übersetzen der Last erreicht wird. Wandschwenkkrane der Bauart VW werden mit kräftigen und bewährten <a tabindex="-1" href="https://www.astam.at/produkt-kategorie/hebezeuge/elektroseilzuege/" data-tabindex-counter="1" data-tabindex-value="none">ABUS Seilzügen</a> ausgestattet und verfügen Serienmäßig über eine verfahrbare Steuerung.</p>
<p>Für unterschiedliche gebäudeseitige Gegebenheiten stehen <a tabindex="-1" href="https://www.abus-kran.at/krane/schwenkkrane/befestigung" target="_blank" rel="noopener">verschiedene Befestigungslösungen</a> zur Verfügung.</p>
<p>&nbsp;</p>
<p>&nbsp;</p>
<p>&nbsp;</p>
<p>&nbsp;</p>
<p>&nbsp;</p>

<p><span class="nowrap">Der Wandschwenkkran VW ist für die Montage an einer Wand oder eine Stütze konzipiert. Dieser Arbeitsplatzkran bietet Ihnen einen Arbeitsradius von <strong>180°</strong> mit einer Ausladung bis zu <strong>10 m</strong> und einer Tragfähigkeit bis zu<strong> 5 t</strong>.</span></p>

<!-- This site is optimized with the Yoast SEO plugin v27.5 - https://yoast.com/product/yoast-seo-wordpress/ -->
<title>ABUS Schwenkkrane - Wandschwenkkran VW - ASTAM</title>
<meta name="description" content="Der Wandschwenkkran VW ist für die Montage an eine Wand oder eine Stütze konzipiert." />
<meta name="robots" content="index, follow, max-snippet:-1, max-image-preview:large, max-video-preview:-1" />
<link rel="canonical" href="https://www.astam.at/en/leistungen/krananlagen/abus/krane/schwenkkrane/wandschwenkkran-vw/" />
<meta property="og:locale" content="en_US" />
<meta property="og:type" content="article" />
<meta property="og:title" content="ABUS Schwenkkrane - Wandschwenkkran VW - ASTAM" />
<meta property="og:description" content="Der Wandschwenkkran VW ist für die Montage an eine Wand oder eine Stütze konzipiert." />
<meta property="og:url" content="https://www.astam.at/en/leistungen/krananlagen/abus/krane/schwenkkrane/wandschwenkkran-vw/" />
<meta property="og:site_name" content="ASTAM" />
<meta property="article:publisher" content="https://www.facebook.com/pg/ASTAM-Gmbh-572405462791301/posts/" />
<meta property="article:modified_time" content="2022-09-28T08:11:50+00:00" />
<meta property="og:image" content="https://www.astam.at/wp-content/uploads/2022/09/B7-VW-A3.png" />
	<meta property="og:image:width" content="500" />
	<meta property="og:image:height" content="400" />
	<meta property="og:image:type" content="image/png" />
<meta name="twitter:card" content="summary_large_image" />
<meta name="twitter:label1" content="Est. reading time" />
	<meta name="twitter:data1" content="1 minute" />
<!-- / Yoast SEO plugin. -->

Der Wandschwenkkran VW ist für die Montage an eine Wand oder eine Stütze konzipiert.
